when 146 is divided by 104.
42
Calculate the remainder when 1994 is divided by 62.
10
Calculate the remainder when 1338 is divided by 268.
266
What is the remainder when 253 is divided by 66?
55
Calculate the remainder when 238 is divided by 24.
22
What is the remainder when 2243 is divided by 68?
67
What is the remainder when 268 is divided by 54?
52
What is the remainder when 572 is divided by 185?
17
What is the remainder when 2071 is divided by 17?
14
What is the remainder when 916 is divided by 29?
17
What is the remainder when 432 is divided by 66?
36
What is the remainder when 328 is divided by 110?
108
What is the remainder when 7805 is divided by 21?
14
What is the remainder when 938 is divided by 43?
35
What is the remainder when 320 is divided by 65?
60
What is the remainder when 748 is divided by 25?
23
Calculate the remainder when 68 is divided by 35.
33
What is the remainder when 230 is divided by 72?
14
Calculate the remainder when 48 is divided by 25.
23
Calculate the remainder when 278 is divided by 9.
8
Calculate the remainder when 691 is divided by 76.
7
Calculate the remainder when 1279 is divided by 92.
83
What is the remainder when 42000 is divided by 97?
96
What is the remainder when 66 is divided by 46?
20
What is the remainder when 7910 is divided by 220?
210
What is the remainder when 229 is divided by 49?
33
Calculate the remainder when 425 is divided by 107.
104
Calculate the remainder when 245 is divided by 220.
25
Calculate the remainder when 263 is divided by 66.
65
What is the remainder when 172 is divided by 44?
40
What is the remainder when 108 is divided by 28?
24
What is the remainder when 233 is divided by 73?
14
What is the remainder when 622 is divided by 57?
52
Calculate the remainder when 363 is divided by 44.
11
What is the remainder when 741 is divided by 248?
245
Calculate the remainder when 54 is divided by 36.
18
What is the remainder when 3510 is divided by 500?
10
What is the remainder when 1982 is divided by 62?
60
Calculate the remainder when 344 is divided by 12.
8
What is the remainder when 82 is divided by 7?
5
What is the remainder when 205 is divided by 49?
9
What is the remainder when 6801 is divided by 5?
1
What is the remainder when 184 is divided by 57?
13
What is the remainder when 4660 is divided by 21?
19
Calculate the remainder when 398 is divided by 189.
20
What is the remainder when 1491 is divided by 65?
61
What is the remainder when 751 is divided by 57?
10
Calculate the remainder when 144 is divided by 9.
0
Calculate the remainder when 445 is divided by 3.
1
What is the remainder when 78 is divided by 36?
6
Calculate the remainder when 6442 is divided by 62.
56
What is the remainder when 2335 is divided by 180?
175
Calculate the remainder when 1519 is divided by 218.
211
What is the remainder when 837 is divided by 139?
3
What is the remainder when 61 is divided by 10?
1
What is the remainder when 142 is divided by 49?
44
Calculate the remainder when 349 is divided by 39.
37
What is the remainder when 1407 is divided by 280?
7
What is the remainder when 908 is divided by 453?
2
What is the remainder when 341 is divided by 117?
107
What is the remainder when 185 is divided by 179?
6
Calculate the remainder when 435 is divided by 110.
105
Calculate the remainder when 7284 is divided by 47.
46
What is the remainder when 51794 is divided by 15?
14
What is the remainder when 526 is divided by 206?
114
What is the remainder when 10 is divided by 6?
4
Calculate the remainder when 1650 is divided by 28.
26
What is the remainder when 449 is divided by 30?
29
Calculate the remainder when 1034 is divided by 7.
5
What is the remainder when 694 is divided by 311?
72
What is the remainder when 508 is divided by 26?
14
Calculate the remainder when 142 is divided by 16.
14
What is the remainder when 534 is divided by 315?
219
What is the remainder when 575 is divided by 152?
119
Calculate the remainder when 307 is divided by 53.
42
What is the remainder when 136 is divided by 63?
10
What is the remainder when 1135 is divided by 57?
52
What is the remainder when 2195 is divided by 718?
41
Calculate the remainder when 5995 is divided by 57.
10
What is the remainder when 98 is divided by 92?
6
Calculate the remainder when 485 is divided by 40.
5
What is the remainder when 7 is divided by 4?
3
What is the remainder when 2636 is divided by 42?
32
What is the remainder when 531 is divided by 138?
117
Calculate the remainder when 317 is divided by 34.
11
What is the remainder when 1172 is divided by 6?
2
What is the remainder when 252 is divided by 17?
14
Calculate the remainder when 646 is divided by 215.
1
What is the remainder when 725 is divided by 13?
10
Calculate the remainder when 1706 is divided by 7.
5
What is the remainder when 320 is divided by 23?
21
Calculate the remainder when 713 is divided by 20.
13
What is the remainder when 597 is divided by 46?
45
Calculate the remainder when 129 is divided by 51.
27
What is the remainder when 206 is divided by 14?
10
Calculate the remainder when 1624 is divided by 538.
10
Calculate the remainder when 5219 is divided by 5.
4
What is the remainder when 259 is divided by 13?
12
Calculate the remainder when 206 is divided by 110.
96
Calculate the remainder when 83 is divided by 46.
37
Calculate the remainder when 90 is divided by 34.
22
What is the remainder when 1080 is divided by 529?
22
What is the remainder when 2644 is divided by 28?
12
What is the remainder when 224 is divided by 21?
14
Calculate the remainder when 4758 is divided by 40.
38
What is the remainder when 68 is divided by 29?
10
Calculate the remainder when 2519 is divided by 90.
89
Calculate the remainder when 61 is divided by 33.
28
Calculate the remainder when 320 is divided by 12.
8
What is the remainder when 702 is divided by 315?
72
What is the remainder when 1323 is divided by 53?
51
Calculate the remainder when 1218 is divided by 397.
27
What is the remainder when 199 is divided by 94?
11
Calculate the remainder when 183 is divided by 12.
3
Calculate the remainder when 253 is divided by 30.
13
Calculate the remainder when 1997 is divided by 50.
47
What is the remainder when 121 is divided by 90?
31
What is the remainder when 46 is divided by 20?
6
What is the remainder when 244 is divided by 80?
4
Calculate the remainder when 85 is divided by 54.
31
What is the remainder when 430 is divided by 109?
103
Calculate the remainder when 670 is divided by 32.
30
Calculate the remainder when 93 is divided by 16.
13
Calculate the remainder when 115 is divided by 20.
15
Calculate the remainder when 781 is divided by 28.
25
Calculate the remainder when 362 is divided by 61.
57
What is the remainder when 68 is divided by 27?
14
Calculate the remainder when 146 is divided by 9.
2
What is the remainder when 594 is divided by 50?
44
Calculate the remainder when 1 is divided by 1.
0
What is the remainder when 3187 is divided by 55?
52
Calculate the remainder when 1981 is divided by 251.
224
Calculate the remainder when 883 is divided by 13.
12
What is the remainder when 4964 is divided by 449?
25
What is the remainder when 6808 is divided by 3400?
8
What is the remainder when 135 is divided by 1?
0
What is the remainder when 29 is divided by 14?
1
Calculate the remainder when 2687 is divided by 112.
111
Calculate the remainder when 472 is divided by 130.
82
Calculate the remainder when 387 is divided by 124.
15
What is the remainder when 1867 is divided by 16?
11
Calculate the remainder when 1174 is divided by 92.
70
What is the remainder when 610 is divided by 51?
49
Calculate the remainder when 2572 is divided by 198.
196
What is the remainder when 1898 is divided by 20?
18
What is the remainder when 169 is divided by 94?
75
What is the remainder when 1246 is divided by 82?
16
What is the remainder when 222 is divided by 9?
6
Calculate the remainder when 658 is divided by 22.
20
Calculate the remainder when 329 is divided by 48.
41
What is the remainder when 165 is divided by 53?
6
What is the remainder when 48 is divided by 17?
14
Calculate the remainder when 303 is divided by 18.
15
What is the remainder when 245 is divided by 55?
25
Calculate the remainder when 175 is divided by 1